{"id":2177,"date":"2018-01-17T12:22:32","date_gmt":"2018-01-17T11:22:32","guid":{"rendered":"http:\/\/wsse.krakow.pl\/page\/?page_id=2177"},"modified":"2020-10-13T15:20:43","modified_gmt":"2020-10-13T13:20:43","slug":"koordynator-ds-kontaktow-z-mediami-wojewodzkiej-stacji-sanitarno-epidemiologicznej-w-krakowie","status":"publish","type":"page","link":"https:\/\/wsse.krakow.pl\/page\/koordynator-ds-kontaktow-z-mediami-wojewodzkiej-stacji-sanitarno-epidemiologicznej-w-krakowie\/","title":{"rendered":"Koordynator ds. kontakt\u00f3w z mediami Wojew\u00f3dzkiej Stacji Sanitarno-Epidemiologicznej w Krakowie"},"content":{"rendered":"<p class=\"mailtip-jck\">e-mail: <span id=\"cloak4057d2706021f7fe9343e87f301a76a3\"><a href=\"mailto:rzecznik@wsse.krakow.pl\">rzecznik@wsse.krakow.pl<\/a><\/span><\/p>\n<p class=\"infotip-jck\">Podany telefon oraz adres e-mail s\u0142u\u017c\u0105 wy\u0142\u0105cznie dla przedstawicieli prasy (w rozumieniu przepis\u00f3w ustawy Prawo Prasowe).<\/p>\n<p class=\"infotip-jck\">W celu uzyskania informacji dotycz\u0105cych dzia\u0142alno\u015bci Pa\u0144stwowej Inspekcji Sanitarnej, obowi\u0105zuj\u0105cych przepis\u00f3w, skarg, wniosk\u00f3w itp. prosz\u0119 o skorzystanie z innych numer\u00f3w telefon\u00f3w kom\u00f3rek organizacyjnych umieszczonych na naszej stronie.<\/p>\n","protected":false},"excerpt":{"rendered":"<p>e-mail: rzecznik@wsse.krakow.pl Podany telefon oraz adres e-mail s\u0142u\u017c\u0105 wy\u0142\u0105cznie dla przedstawicieli prasy (w rozumieniu przepis\u00f3w ustawy Prawo Prasowe). W celu uzyskania informacji dotycz\u0105cych dzia\u0142alno\u015bci Pa\u0144stwowej Inspekcji Sanitarnej, obowi\u0105zuj\u0105cych przepis\u00f3w, skarg, wniosk\u00f3w itp. prosz\u0119 o skorzystanie z innych numer\u00f3w telefon\u00f3w kom\u00f3rek organizacyjnych umieszczonych na naszej stronie.<\/p>\n","protected":false},"author":1,"featured_media":0,"parent":0,"menu_order":0,"comment_status":"closed","ping_status":"closed","template":"","meta":{"_monsterinsights_skip_tracking":false,"_monsterinsights_sitenote_active":false,"_monsterinsights_sitenote_note":"","_monsterinsights_sitenote_category":0,"footnotes":""},"class_list":["post-2177","page","type-page","status-publish","hentry"],"_links":{"self":[{"href":"https:\/\/wsse.krakow.pl\/page\/wp-json\/wp\/v2\/pages\/2177","targetHints":{"allow":["GET"]}}],"collection":[{"href":"https:\/\/wsse.krakow.pl\/page\/wp-json\/wp\/v2\/pages"}],"about":[{"href":"https:\/\/wsse.krakow.pl\/page\/wp-json\/wp\/v2\/types\/page"}],"author":[{"embeddable":true,"href":"https:\/\/wsse.krakow.pl\/page\/wp-json\/wp\/v2\/users\/1"}],"replies":[{"embeddable":true,"href":"https:\/\/wsse.krakow.pl\/page\/wp-json\/wp\/v2\/comments?post=2177"}],"version-history":[{"count":2,"href":"https:\/\/wsse.krakow.pl\/page\/wp-json\/wp\/v2\/pages\/2177\/revisions"}],"predecessor-version":[{"id":9300,"href":"https:\/\/wsse.krakow.pl\/page\/wp-json\/wp\/v2\/pages\/2177\/revisions\/9300"}],"wp:attachment":[{"href":"https:\/\/wsse.krakow.pl\/page\/wp-json\/wp\/v2\/media?parent=2177"}],"curies":[{"name":"wp","href":"https:\/\/api.w.org\/{rel}","templated":true}]}}