{"id":6143,"date":"2020-03-18T11:46:38","date_gmt":"2020-03-18T10:46:38","guid":{"rendered":"https:\/\/wsse.krakow.pl\/page\/?page_id=6143"},"modified":"2020-10-02T12:41:48","modified_gmt":"2020-10-02T10:41:48","slug":"akty-prawne-dot-koronawirusa","status":"publish","type":"page","link":"https:\/\/wsse.krakow.pl\/page\/akty-prawne-dot-koronawirusa\/","title":{"rendered":"Akty prawne dot. koronawirusa"},"content":{"rendered":"<!-- WP Attachments -->\r\n        <div style=\"width:100%;margin:10px 0 10px 0;\">\r\n            <h3>Pliki do pobrania:<\/h3>\r\n        <ul class=\"post-attachments\"><li class=\"post-attachment mime-application-pdf\"><a href=\"https:\/\/wsse.krakow.pl\/page\/akty-prawne-dot-koronawirusa\/?download=8968\">Rozporz\u0105dzenie Rady Ministr\u00f3w z 15.09.2020 r. w sprawie zakaz\u00f3w w ruchu lotniczym<\/a> <small>(275 kB)<\/small><\/li><li class=\"post-attachment mime-application-pdf\"><a href=\"https:\/\/wsse.krakow.pl\/page\/akty-prawne-dot-koronawirusa\/?download=8758\">Rozporz\u0105dzenie Rady Ministr\u00f3w z 1.09.2020 r. zm. rozp. w sprawie ustanowienia okreslonych ogranicze\u0144, nakaz\u00f3w i zakaz\u00f3w w zwi\u0105zku z wyst\u0105pieniem stamu epidemii<\/a> <small>(278 kB)<\/small><\/li><li class=\"post-attachment mime-application-pdf\"><a href=\"https:\/\/wsse.krakow.pl\/page\/akty-prawne-dot-koronawirusa\/?download=8761\">Rozporz\u0105dzenie Rady Ministr\u00f3w z 1 wrze\u015bnia 2020 r. zmieniaj\u0105ce rozp. w sprawie chor\u00f3b zaka\u017anych powoduj\u0105cych powstanie obow. hospitalizacji, izolacji lub izolacji w warumkach domowych ...<\/a> <small>(278 kB)<\/small><\/li><li class=\"post-attachment mime-application-pdf\"><a href=\"https:\/\/wsse.krakow.pl\/page\/akty-prawne-dot-koronawirusa\/?download=8764\">Rozporz\u0105dzenie Ministra Zdrowia z 1 wrze\u015bnia 2020 r. zmieniaj\u0105ce rozp. wsprawie standardu organizacyjnego opieki w izolatoriach<\/a> <small>(319 kB)<\/small><\/li><li class=\"post-attachment mime-application-pdf\"><a href=\"https:\/\/wsse.krakow.pl\/page\/akty-prawne-dot-koronawirusa\/?download=7797\">Rozporz\u0105dzenie Rady Ministr\u00f3w z dnia 30 czerwca 2020 r. zminiaj\u0105ce rozporz\u0105zenie w sprawie okre\u015blonych ogranicze\u0144, nakaz\u00f3w i zakaz\u00f3w w zwi\u0105zku z wyst\u0105pieniem stanu epidemii<\/a> <small>(156 kB)<\/small><\/li><li class=\"post-attachment mime-application-pdf\"><a href=\"https:\/\/wsse.krakow.pl\/page\/akty-prawne-dot-koronawirusa\/?download=7798\">Rozporz\u0105dzenie Rady MInistr\u00f3w z dnia 2 lipca 2020 r. zminiaj\u0105\u0107e rozporz\u0105dzenie w sprawie ustanowienia okre\u015blonych ogranicze\u0144, nakaz\u00f3w i zakaz\u00f3w w zwi\u0105zku z wystapieniem stanu epidemii<\/a> <small>(137 kB)<\/small><\/li><li class=\"post-attachment mime-application-pdf\"><a href=\"https:\/\/wsse.krakow.pl\/page\/akty-prawne-dot-koronawirusa\/?download=7333\">Rozporz\u0105dzenie Rady Ministr\u00f3w 21.05.20 w sprawie ustanowienia okr. ogranicze\u0144, nakaz\u00f3w i zakaz\u00f3w w zwi\u0105zku z wystepieniem stanu epidemii<\/a> <small>(277 kB)<\/small><\/li><li class=\"post-attachment mime-application-pdf\"><a href=\"https:\/\/wsse.krakow.pl\/page\/akty-prawne-dot-koronawirusa\/?download=9125\">Rozporz\u0105zenie Rady Ministr\u00f3w z 28.09.2020 r. w sprawie zakazu w ruchu lotniczym<\/a> <small>(285 kB)<\/small><\/li><li class=\"post-attachment mime-application-pdf\"><a href=\"https:\/\/wsse.krakow.pl\/page\/akty-prawne-dot-koronawirusa\/?download=7339\">Rozporz\u0105dzenie Rady Ministr\u00f3w 29.05.20 w sprawie ustanowienia okr. ogranicze\u0144, nakaz\u00f3w i zakaz\u00f3w w zwi\u0105zku z wystepieniem stanu epidemii<\/a> <small>(426 kB)<\/small><\/li><li class=\"post-attachment mime-application-pdf\"><a href=\"https:\/\/wsse.krakow.pl\/page\/akty-prawne-dot-koronawirusa\/?download=9174\">Rozporz\u0105dzenie Rady Ministr\u00f3w z 30.09.2020 r. zmienij\u0105ce rozporz\u0105zenie w sprawie ustanowienia okre\u015blonych ogranicze\u0144, nakaz\u00f3w i zakaz\u00f3w w zw. z wyst\u0105pieniem stanu epidemii<\/a> <small>(281 kB)<\/small><\/li><li class=\"post-attachment mime-application-pdf\"><a href=\"https:\/\/wsse.krakow.pl\/page\/akty-prawne-dot-koronawirusa\/?download=8418\">Rozporz\u0105dzenie zMZ z 29 czerwca 2020 r<\/a> <small>(162 kB)<\/small><\/li><li class=\"post-attachment mime-application-pdf\"><a href=\"https:\/\/wsse.krakow.pl\/page\/akty-prawne-dot-koronawirusa\/?download=7140\">Rozporz\u0105dzenie Rady Ministr\u00f3w z dnia 16 maja 2020 r. w sprawie ustanowienia okre\u015blonych ogranicze\u0144, nakaz\u00f3w i zakaz\u00f3w w zwi\u0105zku z wyst\u0105pieniem stanu epidemii<\/a> <small>(560 kB)<\/small><\/li><li class=\"post-attachment mime-application-pdf\"><a href=\"https:\/\/wsse.krakow.pl\/page\/akty-prawne-dot-koronawirusa\/?download=8420\">ROZPORZ\u0104DZENIE z 7 sierpnia w sprawie ustanowienia okr. ogranicze\u0144, nakaz\u00f3w i zakaz\u00f3 w zwi\u0105zku z wystapeiniem stanu epidemii<\/a> <small>(493 kB)<\/small><\/li><li class=\"post-attachment mime-application-pdf\"><a href=\"https:\/\/wsse.krakow.pl\/page\/akty-prawne-dot-koronawirusa\/?download=7658\">ROZPORZ\u0104DZENIE MZ z dnia 17 czerwca 2020 r. zminiaj\u0105ce rozporz\u0105dzenie w spraaie chor\u00f3b zaka\u017anych powoduj\u0105cych powstanie hospitalizacji, izolacji lub izolacji w warunkach domowych ...<\/a> <small>(153 kB)<\/small><\/li><li class=\"post-attachment mime-application-pdf\"><a href=\"https:\/\/wsse.krakow.pl\/page\/akty-prawne-dot-koronawirusa\/?download=7659\">Rozporz\u0105dzenie Rady Ministr\u00f3w z dnia 19 czerwca 2020 r.w sprawie ustanowienia okre\u015blonych ogranicze\u0144, nakaz\u00f3w i zakaz\u00f3w w zwi\u0105zku z wystapeiniem stanu epidemii<\/a> <small>(447 kB)<\/small><\/li><li class=\"post-attachment mime-application-pdf\"><a href=\"https:\/\/wsse.krakow.pl\/page\/akty-prawne-dot-koronawirusa\/?download=6981\">Rozporz\u0105dzenie Rady Ministr\u00f3w z dnia 7 maja 2020 r. w sprawie ustanowienia okr. ogranicze\u0144, nakaz\u00f3w i zakaz\u00f3w w zwi\u0105zku z wyst. st. epidemii<\/a> <small>(268 kB)<\/small><\/li><li class=\"post-attachment mime-application-pdf\"><a href=\"https:\/\/wsse.krakow.pl\/page\/akty-prawne-dot-koronawirusa\/?download=6985\">Rozporz\u0105dzenie Rady Ministr\u00f3w z dnia 2 maja 2020 r. w sprawie ustanowienia okre\u015blonych ogranicze\u0144, nakaz\u00f3w i zakaz\u00f3w w zwi\u0105zku z wyst\u0105pieniem stanu epidemii<\/a> <small>(336 kB)<\/small><\/li><li class=\"post-attachment mime-application-pdf\"><a href=\"https:\/\/wsse.krakow.pl\/page\/akty-prawne-dot-koronawirusa\/?download=6623\">Rozporz\u0105dzenie Rady Ministr\u00f3w (Poz. 658) z dnia 10.04.2020 r. w sprawie okre\u015blonych ogranicze\u0144, nakaz\u00f3w, zakaz\u00f3w w zwi\u0105zku z wystapieniem stanu epidemii<\/a> <small>(249 kB)<\/small><\/li><li class=\"post-attachment mime-application-pdf\"><a href=\"https:\/\/wsse.krakow.pl\/page\/akty-prawne-dot-koronawirusa\/?download=6476\">Rozporz\u0105dzenie Ministra Zdrowia z dnia 3 kwietnia 2020 r. zmieniaj\u0105ce rozporz\u0105dzenie w sprawie post\u0119powania ze zw\u0142okami i szcz\u0105tkami ludzkimi<\/a> <small>(317 kB)<\/small><\/li><li class=\"post-attachment mime-application-pdf\"><a href=\"https:\/\/wsse.krakow.pl\/page\/akty-prawne-dot-koronawirusa\/?download=6477\">Rozporz\u0105dzenie Ministra Zdrowia z dnia 3 kwietnia 2020 r. zmieniaj\u0105ce rozporz\u0105dzenie w sprawie standardu organizacyjnego opieki w izolatoriach<\/a> <small>(320 kB)<\/small><\/li><li class=\"post-attachment mime-application-pdf\"><a href=\"https:\/\/wsse.krakow.pl\/page\/akty-prawne-dot-koronawirusa\/?download=6376\">Rozporz\u0105dzenie Rady Ministr\u00f3w z dnia 1 kwietnia 2020 r. zmieniaj\u0105ce rozporz\u0105dzenie w sprawie ustanowienia okre\u015blonych ogranicze\u0144, nakaz\u00f3w i zakaz\u00f3w w zwi\u0105zku z wyst\u0105pieniem stanu epidemii<\/a> <small>(285 kB)<\/small><\/li><li class=\"post-attachment mime-application-pdf\"><a href=\"https:\/\/wsse.krakow.pl\/page\/akty-prawne-dot-koronawirusa\/?download=6351\">Rozporz\u0105dzenie Rady Ministr\u00f3w z dnia 31 marca 2020 r. w sprawie ustanowienia okre\u015blonych ogranicze\u0144, nakaz\u00f3w i zakaz\u00f3w w zwi\u0105zku z wyst\u0105pieniem stanu epidemii<\/a> <small>(358 kB)<\/small><\/li><li class=\"post-attachment mime-application-pdf\"><a href=\"https:\/\/wsse.krakow.pl\/page\/akty-prawne-dot-koronawirusa\/?download=6379\">Obwieszczenie Wojewody Ma\u0142opolskiego z dnia 31 marca 2020 r. w sprawie aktualizacji wykazu podmiot\u00f3w wykonuj\u0105cych dzia\u0142alno\u015b\u0107 lecznicz\u0105 polegaj\u0105c\u0105 na udzielaniu \u015bwiadcze\u0144 opieki zdrowotnej, w tym transportu sanitarnego, w zwi\u0105zku z przeciwdzia\u0142aniem COVID-19<\/a> <small>(594 kB)<\/small><\/li><li class=\"post-attachment mime-application-pdf\"><a href=\"https:\/\/wsse.krakow.pl\/page\/akty-prawne-dot-koronawirusa\/?download=6321\">Rozporz\u0105dzenie Ministra Zdrowia z dnia 26 marca 2020 r. w sprawie standardu organizacyjnego opieki w izolatoriach (Dz. U. z 2020 r. poz. 539)<\/a> <small>(326 kB)<\/small><\/li><li class=\"post-attachment mime-application-pdf\"><a href=\"https:\/\/wsse.krakow.pl\/page\/akty-prawne-dot-koronawirusa\/?download=6157\">Ustawa z dnia 2 marca 2020 r. o szczeg\u00f3lnych rozwi\u0105zaniach zwiazanych z zapobieganiem, przeciwdzia\u0142aniem i zwalczaniem COVID-19, innych chor\u00f3b zaka\u017anych oraz wywo\u0142anych nimi sytuacji kryzysyowych (Dz. U. 2020 poz. 374)<\/a> <small>(266 kB)<\/small><\/li><li class=\"post-attachment mime-application-pdf\"><a href=\"https:\/\/wsse.krakow.pl\/page\/akty-prawne-dot-koronawirusa\/?download=6287\">Rozporz\u0105dzenie Ministra Zdrowia z dnia 25 marca 2020 r. zmieniaj\u0105ce rozporz\u0105dzenie w sprawie og\u0142oszenia na obszarze Rzeczypospolitej Polskiej stanu epidemii<\/a> <small>(308 kB)<\/small><\/li><li class=\"post-attachment mime-application-pdf\"><a href=\"https:\/\/wsse.krakow.pl\/page\/akty-prawne-dot-koronawirusa\/?download=6263\">Rozporz\u0105dzenie Ministra Zdrowia z dnia 24 marca 2020 r. zmieniaj\u0105ce rozporz\u0105dzenie w sprawie og\u0142oszenia na obszarze Rzeczypospolitej Polskiej stanu epidemii<\/a> <small>(314 kB)<\/small><\/li><li class=\"post-attachment mime-application-pdf\"><a href=\"https:\/\/wsse.krakow.pl\/page\/akty-prawne-dot-koronawirusa\/?download=6218\">Rozporz\u0105dzenie Ministra Zdrowia z dnia 20 marca 2020 r. w sprawie og\u0142oszenia na obszarze Rzeczypospolitej Polskiej stanu epidemii<\/a> <small>(362 kB)<\/small><\/li><li class=\"post-attachment mime-application-pdf\"><a href=\"https:\/\/wsse.krakow.pl\/page\/akty-prawne-dot-koronawirusa\/?download=6237\">Rozporz\u0105dzenie Ministra Zdrowia z dnia 20 marca 2020 r. w sprawie odwo\u0142ania na obszarze Rzeczypospolitej Polskiej stanu zagro\u017cenia epidemicznego<\/a> <small>(294 kB)<\/small><\/li><li class=\"post-attachment mime-application-pdf\"><a href=\"https:\/\/wsse.krakow.pl\/page\/akty-prawne-dot-koronawirusa\/?download=6240\">Rozporz\u0105dzenie Ministra Zdrowia z dnia 23 marca 2020 r. zmieniaj\u0105ce rozporz\u0105dzenie w sprawie wykazu chor\u00f3b powoduj\u0105cych powstanie obowi\u0105zku hospitalizacji<\/a> <small>(312 kB)<\/small><\/li><li class=\"post-attachment mime-application-pdf\"><a href=\"https:\/\/wsse.krakow.pl\/page\/akty-prawne-dot-koronawirusa\/?download=6257\">Obwieszczenie Wojewody Ma\u0142opolskiego z dnia 23 marca 2020 r. w sprawie wykazu podmiot\u00f3w wykonujacych dzia\u0142alnosc lecznicza polegajaca na udzielaniu swiadczen opieki zdrowotnej, w tym transportu sanitarnego, w zwi\u0105zku z przeciwdzia\u0142aniem COVID-19<\/a> <small>(571 kB)<\/small><\/li><li class=\"post-attachment mime-application-pdf\"><a href=\"https:\/\/wsse.krakow.pl\/page\/akty-prawne-dot-koronawirusa\/?download=6260\">Polecenie Nr 15\/2020 Wojewody Ma\u0142opolskiego z dnia 24 marca 2020 r. zmieniaj\u0105ce polecenie Wojewody Ma\u0142opolskiego Nr 1\/2020 z dnia 11 marca 2020 r. w sprawie czasowego zawieszenia funkcjonowania (zamkni\u0119cia) form opieki nad dzie\u0107mi w wieku do lat 3, prowadzonej w ramach \u017c\u0142obk\u00f3w i klub\u00f3w dzieci\u0119cych<\/a> <small>(173 kB)<\/small><\/li><li class=\"post-attachment mime-application-pdf\"><a href=\"https:\/\/wsse.krakow.pl\/page\/akty-prawne-dot-koronawirusa\/?download=6154\">Ustawa z dnia 5 grudnia 2008 r. o zapobieganiu oraz zwalczaniu zaka\u017ce\u0144 i chor\u00f3b zaka\u017anych u ludzi (Dz. U. 2008 Nr 234 poz. 1570)<\/a> <small>(756 kB)<\/small><\/li><\/ul><\/div>","protected":false},"excerpt":{"rendered":"<p>Pliki do pobrania: Rozporz\u0105dzenie Rady Ministr\u00f3w z 15.09.2020 r. w sprawie zakaz\u00f3w w ruchu lotniczym (275 kB)Rozporz\u0105dzenie Rady Ministr\u00f3w z 1.09.2020 r. zm. rozp. w sprawie ustanowienia okreslonych ogranicze\u0144, nakaz\u00f3w i zakaz\u00f3w w zwi\u0105zku z wyst\u0105pieniem stamu epidemii (278 kB)Rozporz\u0105dzenie Rady Ministr\u00f3w z 1 wrze\u015bnia 2020 r. zmieniaj\u0105ce rozp. w sprawie chor\u00f3b zaka\u017anych powoduj\u0105cych powstanie [&hellip;]<\/p>\n","protected":false},"author":45,"featured_media":0,"parent":0,"menu_order":0,"comment_status":"closed","ping_status":"closed","template":"","meta":{"_monsterinsights_skip_tracking":false,"_monsterinsights_sitenote_active":false,"_monsterinsights_sitenote_note":"","_monsterinsights_sitenote_category":0,"footnotes":""},"class_list":["post-6143","page","type-page","status-publish","hentry"],"_links":{"self":[{"href":"https:\/\/wsse.krakow.pl\/page\/wp-json\/wp\/v2\/pages\/6143","targetHints":{"allow":["GET"]}}],"collection":[{"href":"https:\/\/wsse.krakow.pl\/page\/wp-json\/wp\/v2\/pages"}],"about":[{"href":"https:\/\/wsse.krakow.pl\/page\/wp-json\/wp\/v2\/types\/page"}],"author":[{"embeddable":true,"href":"https:\/\/wsse.krakow.pl\/page\/wp-json\/wp\/v2\/users\/45"}],"replies":[{"embeddable":true,"href":"https:\/\/wsse.krakow.pl\/page\/wp-json\/wp\/v2\/comments?post=6143"}],"version-history":[{"count":73,"href":"https:\/\/wsse.krakow.pl\/page\/wp-json\/wp\/v2\/pages\/6143\/revisions"}],"predecessor-version":[{"id":9176,"href":"https:\/\/wsse.krakow.pl\/page\/wp-json\/wp\/v2\/pages\/6143\/revisions\/9176"}],"wp:attachment":[{"href":"https:\/\/wsse.krakow.pl\/page\/wp-json\/wp\/v2\/media?parent=6143"}],"curies":[{"name":"wp","href":"https:\/\/api.w.org\/{rel}","templated":true}]}}