{"id":6391,"date":"2020-04-03T10:58:10","date_gmt":"2020-04-03T08:58:10","guid":{"rendered":"https:\/\/wsse.krakow.pl\/page\/?page_id=6391"},"modified":"2020-04-03T11:05:19","modified_gmt":"2020-04-03T09:05:19","slug":"ochrona-danych-covid-19","status":"publish","type":"page","link":"https:\/\/wsse.krakow.pl\/page\/ochrona-danych-covid-19\/","title":{"rendered":"ochrona danych &#8211; COVID-19"},"content":{"rendered":"<p style=\"text-align: center;\"><strong>Informacja dotycz\u0105ca przetwarzania danych osobowych <\/strong><\/p>\n<p style=\"text-align: center;\"><strong>w zwi\u0105zku z zapobieganiem, przeciwdzia\u0142aniem i zwalczaniem koronawirusa SARS-CoV-2 wywo\u0142uj\u0105cego chorob\u0119 o nazwie COVID-19 <\/strong><\/p>\n<p><strong>\u00a0\u00a0\u00a0\u00a0\u00a0\u00a0\u00a0\u00a0\u00a0\u00a0\u00a0\u00a0\u00a0\u00a0\u00a0\u00a0\u00a0\u00a0\u00a0\u00a0\u00a0\u00a0\u00a0\u00a0\u00a0\u00a0\u00a0\u00a0\u00a0\u00a0\u00a0\u00a0\u00a0\u00a0\u00a0\u00a0\u00a0\u00a0\u00a0\u00a0\u00a0\u00a0\u00a0\u00a0\u00a0\u00a0\u00a0\u00a0\u00a0\u00a0\u00a0\u00a0\u00a0\u00a0\u00a0\u00a0\u00a0\u00a0\u00a0\u00a0\u00a0\u00a0\u00a0\u00a0\u00a0\u00a0\u00a0\u00a0\u00a0\u00a0\u00a0\u00a0\u00a0\u00a0\u00a0\u00a0\u00a0\u00a0\u00a0 \u00a0\u00a0\u00a0\u00a0\u00a0\u00a0\u00a0\u00a0\u00a0\u00a0\u00a0<\/strong><\/p>\n<p>Dzia\u0142aj\u0105c na podstawie z art. 13 ust. 1 i 2 Rozporz\u0105dzenia Parlamentu Europejskiego i Rady (UE) 2016\/679 z dnia 27 kwietnia 2016 r. <em>w sprawie ochrony os\u00f3b fizycznych w\u00a0zwi\u0105zku z\u00a0przetwarzaniem danych osobowych i\u00a0w\u00a0sprawie swobodnego przep\u0142ywu takich danych oraz uchylenia dyrektywy 95\/46\/WE (og\u00f3lne rozporz\u0105dzenie o\u00a0ochronie danych)<\/em> \u2013 zwanego dalej \u201eRozporz\u0105dzeniem (UE) 2016\/679\u201d,\u00a0 informuj\u0119, i\u017c Pani\/Pana:<\/p>\n<ul>\n<li>Administratorem danych jest Ma\u0142opolski Pa\u0144stwowy Wojew\u00f3dzki Inspektor Sanitarny, Pr\u0105dnicka 76, 31-202 Krak\u00f3w, e-mail: <a href=\"mailto:wsse.krakow@pis.gov.pl\">wsse.krakow@pis.gov.pl<\/a>, centrala telefoniczna: (+48) 12 25 49\u00a0400, 12 25 49\u00a0555 oraz Pa\u0144stwowi Powiatowi Inspektorzy Sanitarni z terenu wojew\u00f3dztwa ma\u0142opolskiego w zakresie danych pozyskiwanych w ramach swoich dzia\u0142a\u0144 ustawowych;<\/li>\n<li>dane s\u0105 przetwarzane w celu:<\/li>\n<\/ul>\n<p style=\"padding-left: 80px;\">przeciwdzia\u0142ania, zwalczania, a w szczeg\u00f3lno\u015bci zapobiegania rozprzestrzeniania si\u0119 epidemii wywo\u0142anej wirusem <strong>SARS-CoV-2<\/strong>. Przetwarzanie jest konieczne w celu podejmowania dzia\u0142a\u0144 zapobiegaj\u0105cych i zwalczaj\u0105cych epidemi\u0119 COVID-19;<\/p>\n<ul>\n<li>dane osobowe s\u0105 przetwarzane na podstawie art. 6 ust. 1 lit d i e oraz art. 9 ust. 2 lit. i Rozporz\u0105dzenia (UE) 2016\/679 w zwi\u0105zku z ustaw\u0105 z dnia 2 marca 2020 r. <em>o szczeg\u00f3lnych rozwi\u0105zaniach zwi\u0105zanych z zapobieganiem, przeciwdzia\u0142aniem i zwalczaniem COVID-19, innych chor\u00f3b zaka\u017anych oraz wywo\u0142anych nimi sytuacji kryzysowych<\/em> (Dz. U. z 2020 r., poz. 374) oraz ustaw\u0105 z dnia 31 marca 2020 r. <em>o zmianie ustawy o szczeg\u00f3lnych rozwi\u0105zaniach zwi\u0105zanych z zapobieganiem, przeciwdzia\u0142aniem i zwalczaniem COVID-19<\/em>, innych chor\u00f3b zaka\u017anych oraz wywo\u0142anych nimi sytuacji kryzysowych oraz niekt\u00f3rych innych ustaw (Dz. U. z 2020 r. poz. 568);<\/li>\n<li>dane mog\u0105 by\u0107 przekazywane podmiotom trzecim na podstawie przepis\u00f3w prawa a w szczeg\u00f3lno\u015bci organom rz\u0105dowej administracji zespolonej w wojew\u00f3dztwie, G\u0142\u00f3wnemu Inspektorowi Sanitarnemu oraz Ministrowi Zdrowia oraz innym organom podejmuj\u0105cym dzia\u0142ania zapobiegaj\u0105ce i zwalczaj\u0105ce epidemi\u0119 COVID-19 na podstawie art. 8a ustawy z dnia 14 marca 1985 r.<em> o Pa\u0144stwowej Inspekcji Sanitarnej<\/em> (Dz. U. z 2019 poz. 59 ze zm.)<\/li>\n<li>dane osobowe nie b\u0119d\u0105 przekazywane do pa\u0144stwa trzeciego lub organizacji mi\u0119dzynarodowych;<\/li>\n<li>dane osobowe przechowywane b\u0119d\u0105 przez okres wynikaj\u0105cy z <em>Jednolitego rzeczowego wykazu akt organ\u00f3w zespolonej administracji rz\u0105dowej w wojew\u00f3dztwie i urz\u0119d\u00f3w obs\u0142uguj\u0105cych te organy<\/em> stanowi\u0105cego za\u0142\u0105cznik \u2013\u2013 do rozporz\u0105dzenia Prezesa Rady Ministr\u00f3w z dnia 18 stycznia 2011 r. <em>w sprawie instrukcji kancelaryjnej, jednolitych rzeczowych wykaz\u00f3w akt oraz instrukcji w sprawie organizacji i zakresu dzia\u0142ania archiw\u00f3w zak\u0142adowych <\/em>(Dz. U. Nr 14, poz. 67 z p\u00f3\u017an. zm.);<\/li>\n<li>ma Pani\/Pan prawo dost\u0119pu do tre\u015bci swoich danych i ich sprostowania, ograniczenia przetwarzania oraz wniesienia skargi do Prezesa Urz\u0119du Ochrony Danych Osobowych<br \/>\nw przypadku, gdy przetwarzanie danych osobowych narusza przepisy Rozporz\u0105dzenia (UE) 2016\/679;<\/li>\n<li>Ma\u0142opolski Pa\u0144stwowy Wojew\u00f3dzki Inspektor Sanitarny nie podejmuje decyzji<br \/>\nw spos\u00f3b zautomatyzowany, o \u00a0kt\u00f3rym mowa w\u00a0 art.\u00a0 22 \u00a0ust. \u00a01 i\u00a0 4 Rozporz\u0105dzenia (UE) 2016\/679;<\/li>\n<li>Dane kontaktowe inspektora ochrony danych:<\/li>\n<\/ul>\n<p style=\"padding-left: 80px;\"><a href=\"mailto:iod@wsse.krakow.pl\">iod@wsse.krakow.pl<\/a>, telefon: (12) 25 49\u00a0405.<\/p>\n","protected":false},"excerpt":{"rendered":"<p>Informacja dotycz\u0105ca przetwarzania danych osobowych w zwi\u0105zku z zapobieganiem, przeciwdzia\u0142aniem i zwalczaniem koronawirusa SARS-CoV-2 wywo\u0142uj\u0105cego chorob\u0119 o nazwie COVID-19 \u00a0\u00a0\u00a0\u00a0\u00a0\u00a0\u00a0\u00a0\u00a0\u00a0\u00a0\u00a0\u00a0\u00a0\u00a0\u00a0\u00a0\u00a0\u00a0\u00a0\u00a0\u00a0\u00a0\u00a0\u00a0\u00a0\u00a0\u00a0\u00a0\u00a0\u00a0\u00a0\u00a0\u00a0\u00a0\u00a0\u00a0\u00a0\u00a0\u00a0\u00a0\u00a0\u00a0\u00a0\u00a0\u00a0\u00a0\u00a0\u00a0\u00a0\u00a0\u00a0\u00a0\u00a0\u00a0\u00a0\u00a0\u00a0\u00a0\u00a0\u00a0\u00a0\u00a0\u00a0\u00a0\u00a0\u00a0\u00a0\u00a0\u00a0\u00a0\u00a0\u00a0\u00a0\u00a0\u00a0\u00a0\u00a0\u00a0 \u00a0\u00a0\u00a0\u00a0\u00a0\u00a0\u00a0\u00a0\u00a0\u00a0\u00a0 Dzia\u0142aj\u0105c na podstawie z art. 13 ust. 1 i 2 Rozporz\u0105dzenia Parlamentu Europejskiego i Rady (UE) 2016\/679 z dnia 27 kwietnia 2016 r. w sprawie ochrony os\u00f3b fizycznych w\u00a0zwi\u0105zku z\u00a0przetwarzaniem danych osobowych i\u00a0w\u00a0sprawie swobodnego [&hellip;]<\/p>\n","protected":false},"author":1,"featured_media":0,"parent":0,"menu_order":0,"comment_status":"closed","ping_status":"closed","template":"","meta":{"_monsterinsights_skip_tracking":false,"_monsterinsights_sitenote_active":false,"_monsterinsights_sitenote_note":"","_monsterinsights_sitenote_category":0,"footnotes":""},"class_list":["post-6391","page","type-page","status-publish","hentry"],"_links":{"self":[{"href":"https:\/\/wsse.krakow.pl\/page\/wp-json\/wp\/v2\/pages\/6391","targetHints":{"allow":["GET"]}}],"collection":[{"href":"https:\/\/wsse.krakow.pl\/page\/wp-json\/wp\/v2\/pages"}],"about":[{"href":"https:\/\/wsse.krakow.pl\/page\/wp-json\/wp\/v2\/types\/page"}],"author":[{"embeddable":true,"href":"https:\/\/wsse.krakow.pl\/page\/wp-json\/wp\/v2\/users\/1"}],"replies":[{"embeddable":true,"href":"https:\/\/wsse.krakow.pl\/page\/wp-json\/wp\/v2\/comments?post=6391"}],"version-history":[{"count":5,"href":"https:\/\/wsse.krakow.pl\/page\/wp-json\/wp\/v2\/pages\/6391\/revisions"}],"predecessor-version":[{"id":6394,"href":"https:\/\/wsse.krakow.pl\/page\/wp-json\/wp\/v2\/pages\/6391\/revisions\/6394"}],"wp:attachment":[{"href":"https:\/\/wsse.krakow.pl\/page\/wp-json\/wp\/v2\/media?parent=6391"}],"curies":[{"name":"wp","href":"https:\/\/api.w.org\/{rel}","templated":true}]}}