{"id":8206,"date":"2020-07-31T08:32:08","date_gmt":"2020-07-31T06:32:08","guid":{"rendered":"https:\/\/wsse.krakow.pl\/page\/?page_id=8206"},"modified":"2020-07-31T11:57:45","modified_gmt":"2020-07-31T09:57:45","slug":"co-nalezy-wiedziec-o-kwarantannie","status":"publish","type":"page","link":"https:\/\/wsse.krakow.pl\/page\/co-nalezy-wiedziec-o-kwarantannie\/","title":{"rendered":"Co nale\u017cy wiedzie\u0107 o kwarantannie?"},"content":{"rendered":"<p><strong>Szanowni Pa\u0144stwo!<\/strong><\/p>\n<p>Zapraszamy do zapoznania si\u0119 z najwa\u017cniejszymi informacjami dotycz\u0105cymi <strong>kwarantanny<\/strong>.<\/p>\n<p><strong>KTO PODLEGA KWARANTANNIE?<\/strong><\/p>\n<p>KWARANTANNIE PODLEGA OSOBA, KT\u00d3RA:<\/p>\n<ul>\n<li>wr\u00f3ci\u0142a z zagranicy i nie jest obywatelem Polski, kraju UE lub EFTA<\/li>\n<li>mia\u0142a kontakt z osob\u0105 zaka\u017con\u0105, chor\u0105 lub podejrzan\u0105 o zaka\u017cenie<\/li>\n<li>ma objawy, kt\u00f3re mog\u0105 wskazywa\u0107 na zaka\u017cenie koronawirusem<\/li>\n<li>mieszka wsp\u00f3lnie z osob\u0105 obj\u0119t\u0105 kwarantann\u0105.<\/li>\n<\/ul>\n<p><a href=\"https:\/\/wsse.krakow.pl\/page\/wp-content\/uploads\/2020\/07\/kwarantanna3.jpg\" data-rel=\"lightbox-image-0\" data-rl_title=\"\" data-rl_caption=\"\" title=\"\"><img loading=\"lazy\" decoding=\"async\" class=\"alignnone wp-image-8215\" src=\"https:\/\/wsse.krakow.pl\/page\/wp-content\/uploads\/2020\/07\/kwarantanna3.jpg\" alt=\"\" width=\"466\" height=\"466\" \/><\/a><\/p>\n<p><a href=\"https:\/\/wsse.krakow.pl\/page\/wp-content\/uploads\/2020\/07\/22.jpg\" data-rel=\"lightbox-image-1\" data-rl_title=\"\" data-rl_caption=\"\" title=\"\"><img loading=\"lazy\" decoding=\"async\" class=\"alignnone wp-image-8219\" src=\"https:\/\/wsse.krakow.pl\/page\/wp-content\/uploads\/2020\/07\/22.jpg\" alt=\"\" width=\"467\" height=\"588\" \/><\/a><\/p>\n<p><a href=\"https:\/\/wsse.krakow.pl\/page\/wp-content\/uploads\/2020\/07\/11.jpg\" data-rel=\"lightbox-image-2\" data-rl_title=\"\" data-rl_caption=\"\" title=\"\"><img loading=\"lazy\" decoding=\"async\" class=\"alignnone wp-image-8218\" src=\"https:\/\/wsse.krakow.pl\/page\/wp-content\/uploads\/2020\/07\/11.jpg\" alt=\"\" width=\"468\" height=\"761\" \/><\/a><\/p>\n<p><a href=\"https:\/\/wsse.krakow.pl\/page\/wp-content\/uploads\/2020\/07\/kwarantanna1.jpg\" data-rel=\"lightbox-image-3\" data-rl_title=\"\" data-rl_caption=\"\" title=\"\"><img loading=\"lazy\" decoding=\"async\" class=\"alignnone wp-image-8213\" src=\"https:\/\/wsse.krakow.pl\/page\/wp-content\/uploads\/2020\/07\/kwarantanna1.jpg\" alt=\"\" width=\"467\" height=\"467\" \/><\/a> <a href=\"https:\/\/wsse.krakow.pl\/page\/wp-content\/uploads\/2020\/07\/kwarantanna2.jpg\" data-rel=\"lightbox-image-4\" data-rl_title=\"\" data-rl_caption=\"\" title=\"\"><img loading=\"lazy\" decoding=\"async\" class=\"alignnone wp-image-8214\" src=\"https:\/\/wsse.krakow.pl\/page\/wp-content\/uploads\/2020\/07\/kwarantanna2.jpg\" alt=\"\" width=\"468\" height=\"263\" \/><\/a><\/p>\n<p><iframe loading=\"lazy\" src=\"https:\/\/www.youtube.com\/embed\/iXBdyI-Jb9o\" width=\"1120\" height=\"630\" frameborder=\"0\" allowfullscreen=\"allowfullscreen\"><\/iframe><\/p>\n<p>Wi\u0119cej informacji:<\/p>\n<p><a href=\"https:\/\/pacjent.gov.pl\/14-dni-kwarantanny\">https:\/\/pacjent.gov.pl\/14-dni-kwarantanny<\/a><\/p>\n<p><a href=\"https:\/\/pacjent.gov.pl\/kwarantanna-dozor-epidemiologiczny-co-to-znaczy\">https:\/\/pacjent.gov.pl\/kwarantanna-dozor-epidemiologiczny-co-to-znaczy<\/a><\/p>\n<p>&nbsp;<\/p>\n<p><strong>JE\u015aLI MIA\u0141E\u015a KONTAKT Z ZAKA\u017bONYM<\/strong><\/p>\n<p>Je\u015bli wiesz, \u017ce mia\u0142e\u015b kontakt z chorym na COVID-19 lub podejrzanym o zaka\u017cenie SARC-CoV-2, skontaktuj si\u0119 telefonicznie ze stacj\u0105 sanitarno-epidemiologiczn\u0105.<\/p>\n<p>Znajd\u017a numer telefonu do najbli\u017cszej stacji:<\/p>\n<p><a href=\"https:\/\/wsse.krakow.pl\/page\/wp-content\/uploads\/2020\/07\/Wykaz-numer\u00f3w-telefon\u00f3w-do-PSSE.pdf\">Wykaz-numer\u00f3w-telefon\u00f3w-do PSSE<\/a><\/p>\n<p>Przez telefon zostanie przeprowadzony wywiad. Mo\u017cesz by\u0107 pytany o wszystkie osoby, z kt\u00f3rymi mia\u0142e\u015b kontakt po styczno\u015bci z osob\u0105 chor\u0105 lub podejrzan\u0105 o zaka\u017cenie.<\/p>\n<p><!--more--><\/p>\n<p><strong>GDZIE ODBYWASZ KWARANTANN\u0118?<\/strong><\/p>\n<p>Kwarantann\u0119 odbywasz w swoim miejscu zamieszkania. Je\u015bli nie masz takiej mo\u017cliwo\u015bci mo\u017cesz skorzysta\u0107 z kwarantanny instytucjonalnej.<\/p>\n<p>W TRAKCIE KWARANTANNY NIE MO\u017bESZ ZMIENI\u0106 MIEJSCA\u00a0POBYTU!<\/p>\n<p>&nbsp;<\/p>\n<p><strong>PRZESTRZEGAJ ZASAD HIGIENY!<\/strong><\/p>\n<p><a href=\"https:\/\/wsse.krakow.pl\/page\/wp-content\/uploads\/2020\/07\/Przestrzegaj-Zasad-Higieny.docx\">Przestrzegaj Zasad Higieny<\/a><\/p>\n<p><img loading=\"lazy\" decoding=\"async\" class=\"alignnone size-full wp-image-17944\" src=\"http:\/\/gis.gov.pl\/wp-content\/uploads\/2020\/03\/Dezynfekcja_ra\u0328k_MZ.jpg\" sizes=\"auto, (max-width: 595px) 100vw, 595px\" srcset=\"https:\/\/gis.gov.pl\/wp-content\/uploads\/2020\/03\/Dezynfekcja_ra\u0328k_MZ.jpg 595w, https:\/\/gis.gov.pl\/wp-content\/uploads\/2020\/03\/Dezynfekcja_ra\u0328k_MZ-212x300.jpg 212w\" alt=\"\" width=\"595\" height=\"842\" \/><\/p>\n<p><strong>MONITORUJ SW\u00d3J STAN ZDROWIA!<\/strong><\/p>\n<p><a href=\"https:\/\/wsse.krakow.pl\/page\/wp-content\/uploads\/2020\/07\/Monitoruj-sw\u00f3j-stan-zdrowia.docx\">Monitoruj sw\u00f3j stan zdrowia<\/a><\/p>\n<p>&nbsp;<\/p>\n<p><strong>APLIKACJA NA KWARANTANN\u0118<\/strong><\/p>\n<p>Masz obowi\u0105zek pobra\u0107 i zainstalowa\u0107 aplikacj\u0119 \u201eKwarantanna domowa\u201d. B\u0119dzie ona monitorowa\u0142a, czy przestrzegasz kwarantanny, ale r\u00f3wnie\u017c da Tobie m.in. mo\u017cliwo\u015b\u0107 podstawowej oceny stanu zdrowia, zg\u0142oszenia si\u0119 do lokalnych o\u015brodk\u00f3w pomocy spo\u0142ecznej, kt\u00f3re mog\u0105 dostarcza\u0107 leki, czy artyku\u0142y spo\u017cywcze.<\/p>\n<p>Najpierw dostaniesz SMS zach\u0119caj\u0105cy do \u015bci\u0105gni\u0119cia i zainstalowania aplikacji. Mo\u017ce on przyj\u015b\u0107 po kilku dniach, ale bez obaw, nie ma to wp\u0142ywu na d\u0142ugo\u015b\u0107 kwarantanny.<\/p>\n<p>Teraz pobierz aplikacj\u0119 Kwarantanna domowa z App Store lub Google Play. Po jej zainstalowaniu zarejestruj si\u0119 za pomoc\u0105 numeru telefonu. Twoje konto zostanie zweryfikowane po wprowadzeniu kodu, kt\u00f3ry otrzyma\u0142e\u015b w wiadomo\u015bci SMS.<\/p>\n<p><a href=\"https:\/\/www.gov.pl\/web\/cyfryzacja\/aplikacja-kwarantanna-domowa--to-musisz-wiedziec\">https:\/\/www.gov.pl\/web\/cyfryzacja\/aplikacja-kwarantanna-domowa&#8211;to-musisz-wiedziec<\/a><\/p>\n<p>&nbsp;<\/p>\n<p><strong>ZR\u00d3B TEST NA KORONAWIRUSA<\/strong><\/p>\n<p><a href=\"https:\/\/pacjent.gov.pl\/punkty-pobran\">https:\/\/pacjent.gov.pl\/punkty-pobran<\/a><\/p>\n<p><a href=\"https:\/\/pacjent.gov.pl\/aktualnosci\/koniec-kwarantanny-na-internetowym-koncie-pacjenta\">https:\/\/pacjent.gov.pl\/aktualnosci\/koniec-kwarantanny-na-internetowym-koncie-pacjenta<\/a><\/p>\n<p>&nbsp;<\/p>\n<p><strong>JE\u015aLI POCZUJESZ SI\u0118 GORZEJ<\/strong><\/p>\n<p>Je\u015bli \u017ale si\u0119 poczujesz, co nie musi mie\u0107 zwi\u0105zku z koronawirusem, w \u017cadnym wypadku nie id\u017a do lekarza. Pozosta\u0144 w domu. Zadzwo\u0144 do przychodni podstawowej opieki zdrowotnej i skorzystaj z teleporady.<\/p>\n<p>Sprawd\u017a, gdzie mo\u017cna uzyska\u0107 teleporad\u0119 w plac\u00f3wce podstawowej opieki zdrowotnej w Twojej okolicy.<\/p>\n<p>Je\u015bli znajdziesz si\u0119 w stanie zagra\u017caj\u0105cym \u017cyciu lub zdrowiu (np. duszno\u015b\u0107), wezwij pogotowie, dzwoni\u0105c na numer alarmowy 999 lub 112, koniecznie uprzedzaj\u0105c, \u017ce mo\u017cesz by\u0107 zaka\u017cony\u00a0koronawirusem.<\/p>\n<p>&nbsp;<\/p>\n<p><strong>CZY DOSTANIESZ \u015aWIADCZENIE ZA CZAS KWARANTANNY?<\/strong><\/p>\n<p><a href=\"https:\/\/www.gov.pl\/web\/koronawirus\/swiadczenia-chorobowe-dla-osob-objetych-obowiazkowa-kwarantanna-po-przekroczeniu-granicy\">https:\/\/www.gov.pl\/web\/koronawirus\/swiadczenia-chorobowe-dla-osob-objetych-obowiazkowa-kwarantanna-po-przekroczeniu-granicy<\/a><\/p>\n<p><a href=\"https:\/\/www.gov.pl\/web\/koronawirus\/informacja-o-uprawnieniach-do-swiadczen-z-powodu-poddania-sie-kwarantannie-lub-izolacji\">https:\/\/www.gov.pl\/web\/koronawirus\/informacja-o-uprawnieniach-do-swiadczen-z-powodu-poddania-sie-kwarantannie-lub-izolacji<\/a><\/p>\n<p>Wi\u0119cej informacji na stronie ZUS.<\/p>\n<p>&nbsp;<\/p>\n<p><strong>KOGO ZAWIADOMI\u0106 O Z\u0141AMANIU KWARANTANNY?<\/strong><\/p>\n<p>Je\u015bli kto\u015b narusza zasady kwarantanny, zawiadom najbli\u017cszy komisariat.<\/p>\n<p>&nbsp;<\/p>\n<p><strong>Przydatne strony z informacjami dot. kwarantanny:<\/strong><\/p>\n<p><a href=\"https:\/\/pacjent.gov.pl\/14-dni-kwarantanny\">https:\/\/pacjent.gov.pl\/14-dni-kwarantanny<\/a><\/p>\n<p><a href=\"https:\/\/pacjent.gov.pl\/koronawirus\/abc-kwarantanny\">https:\/\/pacjent.gov.pl\/koronawirus\/abc-kwarantanny<\/a><\/p>\n<p><a href=\"https:\/\/pacjent.gov.pl\/kwarantanna-dozor-epidemiologiczny-co-to-znaczy\">https:\/\/pacjent.gov.pl\/kwarantanna-dozor-epidemiologiczny-co-to-znaczy<\/a><\/p>\n<p><a href=\"https:\/\/pacjent.gov.pl\/punkty-pobran\">https:\/\/pacjent.gov.pl\/punkty-pobran<\/a><\/p>\n<p><a href=\"https:\/\/pacjent.gov.pl\/aktualnosci\/koniec-kwarantanny-na-internetowym-koncie-pacjenta\">https:\/\/pacjent.gov.pl\/aktualnosci\/koniec-kwarantanny-na-internetowym-koncie-pacjenta<\/a><\/p>\n<p><a href=\"https:\/\/www.gov.pl\/web\/koronawirus\/swiadczenia-chorobowe-dla-osob-objetych-obowiazkowa-kwarantanna-po-przekroczeniu-granicy\">https:\/\/www.gov.pl\/web\/koronawirus\/swiadczenia-chorobowe-dla-osob-objetych-obowiazkowa-kwarantanna-po-przekroczeniu-granicy<\/a><\/p>\n<p><a href=\"https:\/\/www.gov.pl\/web\/koronawirus\/informacja-o-uprawnieniach-do-swiadczen-z-powodu-poddania-sie-kwarantannie-lub-izolacji\">https:\/\/www.gov.pl\/web\/koronawirus\/informacja-o-uprawnieniach-do-swiadczen-z-powodu-poddania-sie-kwarantannie-lub-izolacji<\/a><\/p>\n<p><a href=\"https:\/\/www.gov.pl\/web\/cyfryzacja\/aplikacja-kwarantanna-domowa--to-musisz-wiedziec\">https:\/\/www.gov.pl\/web\/cyfryzacja\/aplikacja-kwarantanna-domowa&#8211;to-musisz-wiedziec<\/a><\/p>\n<!-- WP Attachments -->\r\n        <div style=\"width:100%;margin:10px 0 10px 0;\">\r\n            <h3>Pliki do pobrania:<\/h3>\r\n        <ul class=\"post-attachments\"><li class=\"post-attachment mime-image-jpeg\"><a href=\"https:\/\/wsse.krakow.pl\/page\/co-nalezy-wiedziec-o-kwarantannie\/?download=8225\">Zasady kwarantanny w zwi\u0105zku z koronawirusem (1)<\/a> <small>(117 kB)<\/small><\/li><li class=\"post-attachment mime-application-vnd-openxmlformats-officedocument-wordprocessingml-document\"><a href=\"https:\/\/wsse.krakow.pl\/page\/co-nalezy-wiedziec-o-kwarantannie\/?download=8244\">Przestrzegaj Zasad Higieny<\/a> <small>(15 kB)<\/small><\/li><li class=\"post-attachment mime-application-vnd-openxmlformats-officedocument-wordprocessingml-document\"><a href=\"https:\/\/wsse.krakow.pl\/page\/co-nalezy-wiedziec-o-kwarantannie\/?download=8245\">Monitoruj sw\u00f3j stan zdrowia<\/a> <small>(15 kB)<\/small><\/li><li class=\"post-attachment mime-application-pdf\"><a href=\"https:\/\/wsse.krakow.pl\/page\/co-nalezy-wiedziec-o-kwarantannie\/?download=8247\">ulotka-dezynfekcja_ra\u0328k<\/a> <small>(3 MB)<\/small><\/li><li class=\"post-attachment mime-application-pdf\"><a href=\"https:\/\/wsse.krakow.pl\/page\/co-nalezy-wiedziec-o-kwarantannie\/?download=8249\">Wykaz-numer\u00f3w-telefon\u00f3w-do PSSE<\/a> <small>(474 kB)<\/small><\/li><li class=\"post-attachment mime-image-jpeg\"><a href=\"https:\/\/wsse.krakow.pl\/page\/co-nalezy-wiedziec-o-kwarantannie\/?download=8226\">Zasady kwarantanny w zwi\u0105zku z koronawirusem (2)<\/a> <small>(91 kB)<\/small><\/li><li class=\"post-attachment mime-image-jpeg\"><a href=\"https:\/\/wsse.krakow.pl\/page\/co-nalezy-wiedziec-o-kwarantannie\/?download=8223\">Co powiniene\u015b wiedzie\u0107 o kwarantannie<\/a> <small>(93 kB)<\/small><\/li><li class=\"post-attachment mime-image-jpeg\"><a href=\"https:\/\/wsse.krakow.pl\/page\/co-nalezy-wiedziec-o-kwarantannie\/?download=8224\">Czego nie robi\u0107 podczas kwarantanny<\/a> <small>(92 kB)<\/small><\/li><\/ul><\/div>","protected":false},"excerpt":{"rendered":"<p>Szanowni Pa\u0144stwo! Zapraszamy do zapoznania si\u0119 z najwa\u017cniejszymi informacjami dotycz\u0105cymi kwarantanny. KTO PODLEGA KWARANTANNIE? KWARANTANNIE PODLEGA OSOBA, KT\u00d3RA: wr\u00f3ci\u0142a z zagranicy i nie jest obywatelem Polski, kraju UE lub EFTA mia\u0142a kontakt z osob\u0105 zaka\u017con\u0105, chor\u0105 lub podejrzan\u0105 o zaka\u017cenie ma objawy, kt\u00f3re mog\u0105 wskazywa\u0107 na zaka\u017cenie koronawirusem mieszka wsp\u00f3lnie z osob\u0105 obj\u0119t\u0105 kwarantann\u0105. Wi\u0119cej [&hellip;]<\/p>\n","protected":false},"author":45,"featured_media":0,"parent":0,"menu_order":0,"comment_status":"closed","ping_status":"closed","template":"","meta":{"_monsterinsights_skip_tracking":false,"_monsterinsights_sitenote_active":false,"_monsterinsights_sitenote_note":"","_monsterinsights_sitenote_category":0,"footnotes":""},"class_list":["post-8206","page","type-page","status-publish","hentry"],"_links":{"self":[{"href":"https:\/\/wsse.krakow.pl\/page\/wp-json\/wp\/v2\/pages\/8206","targetHints":{"allow":["GET"]}}],"collection":[{"href":"https:\/\/wsse.krakow.pl\/page\/wp-json\/wp\/v2\/pages"}],"about":[{"href":"https:\/\/wsse.krakow.pl\/page\/wp-json\/wp\/v2\/types\/page"}],"author":[{"embeddable":true,"href":"https:\/\/wsse.krakow.pl\/page\/wp-json\/wp\/v2\/users\/45"}],"replies":[{"embeddable":true,"href":"https:\/\/wsse.krakow.pl\/page\/wp-json\/wp\/v2\/comments?post=8206"}],"version-history":[{"count":21,"href":"https:\/\/wsse.krakow.pl\/page\/wp-json\/wp\/v2\/pages\/8206\/revisions"}],"predecessor-version":[{"id":8260,"href":"https:\/\/wsse.krakow.pl\/page\/wp-json\/wp\/v2\/pages\/8206\/revisions\/8260"}],"wp:attachment":[{"href":"https:\/\/wsse.krakow.pl\/page\/wp-json\/wp\/v2\/media?parent=8206"}],"curies":[{"name":"wp","href":"https:\/\/api.w.org\/{rel}","templated":true}]}}